{"id":10261,"date":"2023-07-26T09:50:45","date_gmt":"2023-07-26T09:50:45","guid":{"rendered":"http:\/\/komeklatam.com\/?post_type=product&#038;p=10261"},"modified":"2023-07-26T09:50:45","modified_gmt":"2023-07-26T09:50:45","slug":"guante-h7-2-puntos-2-caras-hilaza","status":"publish","type":"product","link":"https:\/\/komeklatam.com\/index.php\/producto\/guante-h7-2-puntos-2-caras-hilaza\/","title":{"rendered":"Guante H7-2 puntos 2 caras Hilaza"},"content":{"rendered":"<h2>Descripci\u00f3n<\/h2>\n<p>CARACTER\u00cdSTICAS<\/p>\n<ul>\n<li>Pu\u00f1o tejido<\/li>\n<li>Ambidiestro, pu\u00f1o el\u00e1stico. Con puntos de PVC en la palma para un buen agarre.<\/li>\n<li>Adecuado para manipulaci\u00f3n final o trabajos de distribuci\u00f3n, no deja marcas.<\/li>\n<li>Proporciona un agarre fuerte y de m\u00e1xima destreza.<\/li>\n<li>Ideal para ensamble de paneles, anvasado, plantas automotoras, manejo de materiales, industria embotelladora, manejo de paquetes.<\/li>\n<li>S\u00f3lo para riesgos m\u00ednimos. No es apropiado para riesgos de calor ya que pueden fundirse los puntos de PVC.<\/li>\n<\/ul>\n<p>APLICACIONES<\/p>\n<ul>\n<li>El usuario debe evaluar el nivel de protecci\u00f3n necesaria para la labor. Algunas de las aplicaciones m\u00e1s comunes son:<\/li>\n<li>Ensamblaje.<\/li>\n<li>Manipulaci\u00f3n y transporte.<\/li>\n<li>Construcci\u00f3n.<\/li>\n<li>Metal mec\u00e1nico<\/li>\n<li>Procesos Industriales.<\/li>\n<li>Jardiner\u00eda.<\/li>\n<li>Limpieza.<\/li>\n<li>Mantenimiento<\/li>\n<\/ul>\n<p>PRECAUCIONES DE USO<\/p>\n<ul>\n<li>No usar en presencia de hidrocarburos y derivados.<\/li>\n<li>Los guantes no deben ser usados en lugares donde exista riesgo de enredarse con piezas mec\u00e1nicas en movimiento.<\/li>\n<li>Evitar el contacto directo con fuego<\/li>\n<\/ul>\n<p>INSTRUCCIONES DE CUIDADO<\/p>\n<ul>\n<li>Reemplace el producto inmediatamente si se encuentra roto, desgastado o perforado. En caso de alergia a los componentes suspenda su uso y consulte a su m\u00e9dico.<\/li>\n<li>Almacenar en un lugar fresco y seco. El usuario ser\u00e1 responsable del rendimiento del guante luego de la limpieza y el lavado.<\/li>\n<li>Luego de su uso o cumplido el ciclo de vida \u00fatil los guantes pueden estar contaminados con diferentes materiales. Desecharlos de acuerdo a las normas locales establecidas<\/li>\n<\/ul>\n<p>TALLA: M<\/p>\n<p>&nbsp;<\/p>\n<p>EST\u00c1NDARES Y REGULACIONES<\/p>\n<p>El guante est\u00e1 dise\u00f1ado bajo los est\u00e1ndares de la norma EN 388<\/p>\n<p>COMPOSICI\u00d3N<br \/>\n20% Hilaza \u2013 80% PVC<\/p>\n","protected":false},"excerpt":{"rendered":"<p>Su dise\u00f1o y material permite un uso m\u00e1s largo y c\u00f3modo, sin puntos d\u00e9biles donde pueda rasgarse f\u00e1cilmente por el movimiento natural de la mano. La construcci\u00f3n de su tejido permite un excelente fluido del aire en la mano, de esta manera el usuario no sentir\u00e1 molestias causadas por el calor y sudor<\/p>\n<p>Guante H7-2 puntos 2 caras Hilaza<\/p>\n","protected":false},"featured_media":10262,"comment_status":"open","ping_status":"closed","template":"","meta":{"_joinchat":[]},"product_brand":[],"product_cat":[93,28],"product_tag":[],"class_list":{"0":"post-10261","1":"product","2":"type-product","3":"status-publish","4":"has-post-thumbnail","6":"product_cat-proteccion-manual","7":"product_cat-seguridadindustrial","9":"first","10":"instock","11":"shipping-taxable","12":"product-type-simple"},"ams_default_variation_id":0,"ams_product_points_reward":[],"ams_product_discount_percentage":0,"ams_price_to_display":0,"ams_acf":[],"jetpack_sharing_enabled":true,"_links":{"self":[{"href":"https:\/\/komeklatam.com\/index.php\/wp-json\/wp\/v2\/product\/10261","targetHints":{"allow":["GET"]}}],"collection":[{"href":"https:\/\/komeklatam.com\/index.php\/wp-json\/wp\/v2\/product"}],"about":[{"href":"https:\/\/komeklatam.com\/index.php\/wp-json\/wp\/v2\/types\/product"}],"replies":[{"embeddable":true,"href":"https:\/\/komeklatam.com\/index.php\/wp-json\/wp\/v2\/comments?post=10261"}],"wp:featuredmedia":[{"embeddable":true,"href":"https:\/\/komeklatam.com\/index.php\/wp-json\/wp\/v2\/media\/10262"}],"wp:attachment":[{"href":"https:\/\/komeklatam.com\/index.php\/wp-json\/wp\/v2\/media?parent=10261"}],"wp:term":[{"taxonomy":"product_brand","embeddable":true,"href":"https:\/\/komeklatam.com\/index.php\/wp-json\/wp\/v2\/product_brand?post=10261"},{"taxonomy":"product_cat","embeddable":true,"href":"https:\/\/komeklatam.com\/index.php\/wp-json\/wp\/v2\/product_cat?post=10261"},{"taxonomy":"product_tag","embeddable":true,"href":"https:\/\/komeklatam.com\/index.php\/wp-json\/wp\/v2\/product_tag?post=10261"}],"curies":[{"name":"wp","href":"https:\/\/api.w.org\/{rel}","templated":true}]}}