{"id":10283,"date":"2023-07-26T10:08:42","date_gmt":"2023-07-26T10:08:42","guid":{"rendered":"http:\/\/komeklatam.com\/?post_type=product&#038;p=10283"},"modified":"2023-07-26T10:08:42","modified_gmt":"2023-07-26T10:08:42","slug":"guante-nitrilo-sosega","status":"publish","type":"product","link":"https:\/\/komeklatam.com\/index.php\/producto\/guante-nitrilo-sosega\/","title":{"rendered":"GUANTE NITRILO SOSEGA"},"content":{"rendered":"<h2>Descripci\u00f3n<\/h2>\n<p>CARACTER\u00cdSTICAS<\/p>\n<ul>\n<li>Ambidiestro, sin polvo, no est\u00e9ril, desechable.<\/li>\n<li>Su textura en los dedos brinda excelente sensibilidad t\u00e1ctil y agarre.<\/li>\n<li>Excelente confort y ajuste del producto a la mano.<\/li>\n<li>Tres veces m\u00e1s resistentes que el caucho natural o vinilo, garantizando que los guantes no se cortan con facilidad.<\/li>\n<\/ul>\n<p>APLICACIONES<\/p>\n<p>El usuario debe evaluar el nivel de protecci\u00f3n necesaria para la labor. Algunas de las aplicaciones m\u00e1s comunes son:<\/p>\n<ul>\n<li>Manufactura en general Inspecci\u00f3n y seguridad.<\/li>\n<li>Manipulaci\u00f3n de alimentos.<\/li>\n<li>Manufactura y manipulaci\u00f3n de alta precisi\u00f3n y componentes electr\u00f3nicos.<\/li>\n<li>Limpieza y mantenimiento.<\/li>\n<li>Cosmetolog\u00eda, est\u00e9tica y belleza.<\/li>\n<li>Laboratorios y farmacias.<\/li>\n<\/ul>\n<p>PRECAUCIONES DE USO<\/p>\n<ul>\n<li>Reemplace el producto inmediatamente si se encuentra roto, desgastado o perforado.<\/li>\n<li>En caso de alergia a los componentes suspenda su uso y consulte a su m\u00e9dico.<\/li>\n<li>Mantener alejado de fuego, chispas y otras fuentes de ignici\u00f3n.<\/li>\n<li>Almacene en un lugar fresco y seco.<\/li>\n<\/ul>\n<p>INSTRUCCIONES DE CUIDADO<\/p>\n<ul>\n<li>Almacenar en un lugar fresco y seco. La limpieza y el lavado deben ser realizadas con cuidado y de acuerdo a las instrucciones presentes en la etiqueta. El usuario ser\u00e1 responsable del rendimiento del guante luego de la limpieza y el lavado. Luego de su uso o cumplido el ciclo de vida \u00fatil los guantes pueden estar contaminados con diferentes materiales. Desecharlos de acuerdo a las normas locales establecidas.<\/li>\n<\/ul>\n<p>EST\u00c1NDARES Y REGULACIONES<\/p>\n<p>El guante est\u00e1 dise\u00f1ado bajo los est\u00e1ndares de la norma EN ISO 374 -1:2016 \/ EN ISO 374 \u2013 5:2016.<\/p>\n","protected":false},"excerpt":{"rendered":"<p>Composici\u00f3n: Nitrilo libre de polvo<\/p>\n<p>Tallas:<\/p>\n<ul>\n<li>S Ancho: 85 mm; Largo: 240 mm\u00a0\u00a0 caja x 100 unidades<\/li>\n<li>M Ancho: 95 mm; Largo: 240 mm\u00a0 caja x 100 unidades<\/li>\n<li>L Ancho: 106 mm; Largo: 240 mm caja x 100 unidades.<\/li>\n<\/ul>\n<p>DESCRIPCI\u00d3N<\/p>\n<p>El Guante Nitrilo est\u00e1 especialmente dise\u00f1ado para la protecci\u00f3n de las manos en labores que requieran alto nivel de destreza.<\/p>\n","protected":false},"featured_media":10284,"comment_status":"open","ping_status":"closed","template":"","meta":{"_joinchat":[]},"product_brand":[],"product_cat":[93,28],"product_tag":[],"class_list":{"0":"post-10283","1":"product","2":"type-product","3":"status-publish","4":"has-post-thumbnail","6":"product_cat-proteccion-manual","7":"product_cat-seguridadindustrial","9":"first","10":"instock","11":"shipping-taxable","12":"product-type-simple"},"ams_default_variation_id":0,"ams_product_points_reward":[],"ams_product_discount_percentage":0,"ams_price_to_display":0,"ams_acf":[],"jetpack_sharing_enabled":true,"_links":{"self":[{"href":"https:\/\/komeklatam.com\/index.php\/wp-json\/wp\/v2\/product\/10283","targetHints":{"allow":["GET"]}}],"collection":[{"href":"https:\/\/komeklatam.com\/index.php\/wp-json\/wp\/v2\/product"}],"about":[{"href":"https:\/\/komeklatam.com\/index.php\/wp-json\/wp\/v2\/types\/product"}],"replies":[{"embeddable":true,"href":"https:\/\/komeklatam.com\/index.php\/wp-json\/wp\/v2\/comments?post=10283"}],"wp:featuredmedia":[{"embeddable":true,"href":"https:\/\/komeklatam.com\/index.php\/wp-json\/wp\/v2\/media\/10284"}],"wp:attachment":[{"href":"https:\/\/komeklatam.com\/index.php\/wp-json\/wp\/v2\/media?parent=10283"}],"wp:term":[{"taxonomy":"product_brand","embeddable":true,"href":"https:\/\/komeklatam.com\/index.php\/wp-json\/wp\/v2\/product_brand?post=10283"},{"taxonomy":"product_cat","embeddable":true,"href":"https:\/\/komeklatam.com\/index.php\/wp-json\/wp\/v2\/product_cat?post=10283"},{"taxonomy":"product_tag","embeddable":true,"href":"https:\/\/komeklatam.com\/index.php\/wp-json\/wp\/v2\/product_tag?post=10283"}],"curies":[{"name":"wp","href":"https:\/\/api.w.org\/{rel}","templated":true}]}}