{"id":10360,"date":"2023-07-26T10:53:51","date_gmt":"2023-07-26T10:53:51","guid":{"rendered":"http:\/\/komeklatam.com\/?post_type=product&#038;p=10360"},"modified":"2023-07-26T10:53:51","modified_gmt":"2023-07-26T10:53:51","slug":"arnes-multiproposito-4-argollas-en-x","status":"publish","type":"product","link":"https:\/\/komeklatam.com\/index.php\/producto\/arnes-multiproposito-4-argollas-en-x\/","title":{"rendered":"Arn\u00e9s Multiprop\u00f3sito 4 argollas en X"},"content":{"rendered":"<h2>Descripci\u00f3n<\/h2>\n<ul>\n<li>Aro dorsal para detenci\u00f3n y restricci\u00f3n de ca\u00eddas, Aros laterales para posicionamiento y Aro pectoral para ascenso y descenso controlado.<\/li>\n<li>Reatas en poli\u00e9ster de 45mm con resistencia de 7000 lbs, costuras computarizadas en hilo poli\u00e9ster alta tenacidad de diferente color para inspecci\u00f3n.<\/li>\n<li>\u00a0Incorpora indicador para evidenciar si el arn\u00e9s ha sido impactado.<\/li>\n<li>4 Argollas de acero forjado en D con resistencia de 5000 lbs \/ 22.2 kN y hebillas en acero de alta resistencia.<\/li>\n<li>\u00a0Etiqueta protegida y sistema sujeci\u00f3n gancho en frontal.<\/li>\n<\/ul>\n","protected":false},"excerpt":{"rendered":"<p>Capacidad m\u00e1xima de 140kg (310lbs) incluyendo ropa, calzado y cualquier otra herramienta de trabajo.<\/p>\n","protected":false},"featured_media":10361,"comment_status":"open","ping_status":"closed","template":"","meta":{"_joinchat":[]},"product_brand":[],"product_cat":[94,28],"product_tag":[],"class_list":{"0":"post-10360","1":"product","2":"type-product","3":"status-publish","4":"has-post-thumbnail","6":"product_cat-proteccion-corporal","7":"product_cat-seguridadindustrial","9":"first","10":"instock","11":"shipping-taxable","12":"product-type-simple"},"ams_default_variation_id":0,"ams_product_points_reward":[],"ams_product_discount_percentage":0,"ams_price_to_display":0,"ams_acf":[],"jetpack_sharing_enabled":true,"_links":{"self":[{"href":"https:\/\/komeklatam.com\/index.php\/wp-json\/wp\/v2\/product\/10360","targetHints":{"allow":["GET"]}}],"collection":[{"href":"https:\/\/komeklatam.com\/index.php\/wp-json\/wp\/v2\/product"}],"about":[{"href":"https:\/\/komeklatam.com\/index.php\/wp-json\/wp\/v2\/types\/product"}],"replies":[{"embeddable":true,"href":"https:\/\/komeklatam.com\/index.php\/wp-json\/wp\/v2\/comments?post=10360"}],"wp:featuredmedia":[{"embeddable":true,"href":"https:\/\/komeklatam.com\/index.php\/wp-json\/wp\/v2\/media\/10361"}],"wp:attachment":[{"href":"https:\/\/komeklatam.com\/index.php\/wp-json\/wp\/v2\/media?parent=10360"}],"wp:term":[{"taxonomy":"product_brand","embeddable":true,"href":"https:\/\/komeklatam.com\/index.php\/wp-json\/wp\/v2\/product_brand?post=10360"},{"taxonomy":"product_cat","embeddable":true,"href":"https:\/\/komeklatam.com\/index.php\/wp-json\/wp\/v2\/product_cat?post=10360"},{"taxonomy":"product_tag","embeddable":true,"href":"https:\/\/komeklatam.com\/index.php\/wp-json\/wp\/v2\/product_tag?post=10360"}],"curies":[{"name":"wp","href":"https:\/\/api.w.org\/{rel}","templated":true}]}}