{"id":10416,"date":"2023-07-26T11:30:15","date_gmt":"2023-07-26T11:30:15","guid":{"rendered":"http:\/\/komeklatam.com\/?post_type=product&#038;p=10416"},"modified":"2023-07-26T11:30:16","modified_gmt":"2023-07-26T11:30:16","slug":"overol-desechable-blanco-safetex-steelpro-7770-w","status":"publish","type":"product","link":"https:\/\/komeklatam.com\/index.php\/producto\/overol-desechable-blanco-safetex-steelpro-7770-w\/","title":{"rendered":"Overol desechable Blanco SAFETEX STEELPRO 7770 w"},"content":{"rendered":"<h2>Descripci\u00f3n<\/h2>\n<p><strong>Caracter\u00edsticas:\u00a0<\/strong><\/p>\n<p>\u2022Traje sint\u00e9tico microporoso laminado TIPO 5B y 6B.<br \/>\n\u2022Con propiedades antiest\u00e1ticas.<br \/>\n\u2022Protecci\u00f3n contra part\u00edculas radioactivas Clase 2.<br \/>\n\u2022Protecci\u00f3n contra qu\u00edmicos Tipo 6B.<br \/>\n\u2022Protecci\u00f3n agentes biol\u00f3gicos e infecciosos.<br \/>\n\u2022Especificaciones de material: polipropileno de 53,7% y<br \/>\nl\u00e1mina de polietileno de 46,3%.<br \/>\n\u2022Mangas y capucha resortadas.<br \/>\n\u2022Cremallera frontal de cierre de 79 cm de largo.<\/p>\n<p><strong>Aplicaci\u00f3n:\u00a0<\/strong><\/p>\n<p>Construcci\u00f3n, procesos metalurgia, industriales, mantenimiento veh\u00edcular e industrial, actividades de limpieza y lavado, Industrias canteras, cer\u00e1micas y cementos, manipulaci\u00f3n de fluidos corporales y animales, industria c\u00e1rnicos, labores de pintura, limpieza de silos, fumigaci\u00f3n, sector hospitalario y veterinario.<\/p>\n","protected":false},"excerpt":{"rendered":"<p>Son trajes desechables elaborados en material SAFETEX sint\u00e9tico de color azul con capa adicional que brinda resistencia al paso de part\u00edculas y con una pel\u00edcula soporte de polipropileno de 53,7% y l\u00e1mina de polietileno de 46,3% que le brinda propiedades impermeables.<\/p>\n","protected":false},"featured_media":10417,"comment_status":"open","ping_status":"closed","template":"","meta":{"_joinchat":[]},"product_brand":[],"product_cat":[94,28],"product_tag":[],"class_list":{"0":"post-10416","1":"product","2":"type-product","3":"status-publish","4":"has-post-thumbnail","6":"product_cat-proteccion-corporal","7":"product_cat-seguridadindustrial","9":"first","10":"instock","11":"shipping-taxable","12":"product-type-simple"},"ams_default_variation_id":0,"ams_product_points_reward":[],"ams_product_discount_percentage":0,"ams_price_to_display":0,"ams_acf":[],"jetpack_sharing_enabled":true,"_links":{"self":[{"href":"https:\/\/komeklatam.com\/index.php\/wp-json\/wp\/v2\/product\/10416","targetHints":{"allow":["GET"]}}],"collection":[{"href":"https:\/\/komeklatam.com\/index.php\/wp-json\/wp\/v2\/product"}],"about":[{"href":"https:\/\/komeklatam.com\/index.php\/wp-json\/wp\/v2\/types\/product"}],"replies":[{"embeddable":true,"href":"https:\/\/komeklatam.com\/index.php\/wp-json\/wp\/v2\/comments?post=10416"}],"wp:featuredmedia":[{"embeddable":true,"href":"https:\/\/komeklatam.com\/index.php\/wp-json\/wp\/v2\/media\/10417"}],"wp:attachment":[{"href":"https:\/\/komeklatam.com\/index.php\/wp-json\/wp\/v2\/media?parent=10416"}],"wp:term":[{"taxonomy":"product_brand","embeddable":true,"href":"https:\/\/komeklatam.com\/index.php\/wp-json\/wp\/v2\/product_brand?post=10416"},{"taxonomy":"product_cat","embeddable":true,"href":"https:\/\/komeklatam.com\/index.php\/wp-json\/wp\/v2\/product_cat?post=10416"},{"taxonomy":"product_tag","embeddable":true,"href":"https:\/\/komeklatam.com\/index.php\/wp-json\/wp\/v2\/product_tag?post=10416"}],"curies":[{"name":"wp","href":"https:\/\/api.w.org\/{rel}","templated":true}]}}