{"id":10449,"date":"2023-07-26T12:06:33","date_gmt":"2023-07-26T12:06:33","guid":{"rendered":"http:\/\/komeklatam.com\/?post_type=product&#038;p=10449"},"modified":"2023-07-26T12:06:33","modified_gmt":"2023-07-26T12:06:33","slug":"trajes-de-proteccion-kleenguard-a40","status":"publish","type":"product","link":"https:\/\/komeklatam.com\/index.php\/producto\/trajes-de-proteccion-kleenguard-a40\/","title":{"rendered":"Trajes de Protecci\u00f3n Kleenguard A40"},"content":{"rendered":"<h2>Descripci\u00f3n<\/h2>\n<p><strong>Caracter\u00edsticas:<\/strong><\/p>\n<ul>\n<li>Contra L\u00edquidos Bajo Presi\u00f3n y Part\u00edculas. Respirable, impermeable, barrera contra part\u00edculas, antiest\u00e1tico, reutilizable.<\/li>\n<li>Cumple con la norma NFPA 99 de materiales antiest\u00e1ticos. Cumple con la norma ANSI. Supera la prueba ASTM F1670 contra penetraci\u00f3n de sangre y fluidos corporales.<\/li>\n<li>Pel\u00edcula laminada respirable.<\/li>\n<li>Traje con cremallera frontal, el\u00e1sticos en las manillas, tobillos y capucha.<\/li>\n<\/ul>\n","protected":false},"excerpt":{"rendered":"<p><strong>Trajes de Protecci\u00f3n Kleenguard A40<\/strong><\/p>\n<p>Este producto est\u00e1 disponible en las tallas: M, L, XL, XXL y XXXL<\/p>\n","protected":false},"featured_media":10450,"comment_status":"open","ping_status":"closed","template":"","meta":{"_joinchat":[]},"product_brand":[],"product_cat":[94,28],"product_tag":[],"class_list":{"0":"post-10449","1":"product","2":"type-product","3":"status-publish","4":"has-post-thumbnail","6":"product_cat-proteccion-corporal","7":"product_cat-seguridadindustrial","9":"first","10":"instock","11":"shipping-taxable","12":"product-type-simple"},"ams_default_variation_id":0,"ams_product_points_reward":[],"ams_product_discount_percentage":0,"ams_price_to_display":0,"ams_acf":[],"jetpack_sharing_enabled":true,"_links":{"self":[{"href":"https:\/\/komeklatam.com\/index.php\/wp-json\/wp\/v2\/product\/10449","targetHints":{"allow":["GET"]}}],"collection":[{"href":"https:\/\/komeklatam.com\/index.php\/wp-json\/wp\/v2\/product"}],"about":[{"href":"https:\/\/komeklatam.com\/index.php\/wp-json\/wp\/v2\/types\/product"}],"replies":[{"embeddable":true,"href":"https:\/\/komeklatam.com\/index.php\/wp-json\/wp\/v2\/comments?post=10449"}],"wp:featuredmedia":[{"embeddable":true,"href":"https:\/\/komeklatam.com\/index.php\/wp-json\/wp\/v2\/media\/10450"}],"wp:attachment":[{"href":"https:\/\/komeklatam.com\/index.php\/wp-json\/wp\/v2\/media?parent=10449"}],"wp:term":[{"taxonomy":"product_brand","embeddable":true,"href":"https:\/\/komeklatam.com\/index.php\/wp-json\/wp\/v2\/product_brand?post=10449"},{"taxonomy":"product_cat","embeddable":true,"href":"https:\/\/komeklatam.com\/index.php\/wp-json\/wp\/v2\/product_cat?post=10449"},{"taxonomy":"product_tag","embeddable":true,"href":"https:\/\/komeklatam.com\/index.php\/wp-json\/wp\/v2\/product_tag?post=10449"}],"curies":[{"name":"wp","href":"https:\/\/api.w.org\/{rel}","templated":true}]}}