{"id":10745,"date":"2023-07-30T17:06:20","date_gmt":"2023-07-30T17:06:20","guid":{"rendered":"http:\/\/komeklatam.com\/?post_type=product&#038;p=10745"},"modified":"2023-07-30T17:06:21","modified_gmt":"2023-07-30T17:06:21","slug":"filtro-3m-5n11-para-material-particulado-n95","status":"publish","type":"product","link":"https:\/\/komeklatam.com\/index.php\/producto\/filtro-3m-5n11-para-material-particulado-n95\/","title":{"rendered":"FILTRO 3M 5N11 PARA MATERIAL PARTICULADO N95"},"content":{"rendered":"<h2>Descripci\u00f3n<\/h2>\n<p>Aprobado para protecci\u00f3n respiratoria contra polvos (incluyendo carb\u00f3n, algod\u00f3n, aluminio, trigo, hierro y s\u00edlice, producidos principalmente por la desintegraci\u00f3n de s\u00f3lidos durante procesos industriales tales como: esmerilado, lijado, trituraci\u00f3n y procesamiento de minerales y otros materiales) y neblinas a base de l\u00edquidos no aceitosos.<\/p>\n<p><strong>Precauciones:\u00a0<\/strong><\/p>\n<ul>\n<li>No usar cuando las concentraciones sean mayores a 10 veces el l\u00edmite de exposici\u00f3n (medio rostro) \u00f3 100 veces (rostro completo) o menor de 0,05 mg\/m3.<\/li>\n<li>No usar en atm\u00f3sferas que contengan vapores y gases t\u00f3xicos, Asbestos y otras sustancias<br \/>\nespecificadas por OSHA.<\/li>\n<\/ul>\n<p>&nbsp;<\/p>\n","protected":false},"excerpt":{"rendered":"<p>FILTRO 3M 5N11 PARA MATERIAL PARTICULADO N95<\/p>\n<p>Brinda una efectiva e higi\u00e9nica protecci\u00f3n respiratoria contra aerosoles s\u00f3lidos y l\u00edquidos sin aceite. Es fabricado con un Medio Filtrante Electrost\u00e1tico Avanzado, novedoso sistema de retenci\u00f3n de part\u00edculas que permite mayor eficiencia del filtro con menor ca\u00edda de presi\u00f3n.<\/p>\n","protected":false},"featured_media":10746,"comment_status":"open","ping_status":"closed","template":"","meta":{"_joinchat":[]},"product_brand":[],"product_cat":[91,28],"product_tag":[],"class_list":{"0":"post-10745","1":"product","2":"type-product","3":"status-publish","4":"has-post-thumbnail","6":"product_cat-proteccion-respiratoria","7":"product_cat-seguridadindustrial","9":"first","10":"instock","11":"shipping-taxable","12":"product-type-simple"},"ams_default_variation_id":0,"ams_product_points_reward":[],"ams_product_discount_percentage":0,"ams_price_to_display":0,"ams_acf":[],"jetpack_sharing_enabled":true,"_links":{"self":[{"href":"https:\/\/komeklatam.com\/index.php\/wp-json\/wp\/v2\/product\/10745","targetHints":{"allow":["GET"]}}],"collection":[{"href":"https:\/\/komeklatam.com\/index.php\/wp-json\/wp\/v2\/product"}],"about":[{"href":"https:\/\/komeklatam.com\/index.php\/wp-json\/wp\/v2\/types\/product"}],"replies":[{"embeddable":true,"href":"https:\/\/komeklatam.com\/index.php\/wp-json\/wp\/v2\/comments?post=10745"}],"wp:featuredmedia":[{"embeddable":true,"href":"https:\/\/komeklatam.com\/index.php\/wp-json\/wp\/v2\/media\/10746"}],"wp:attachment":[{"href":"https:\/\/komeklatam.com\/index.php\/wp-json\/wp\/v2\/media?parent=10745"}],"wp:term":[{"taxonomy":"product_brand","embeddable":true,"href":"https:\/\/komeklatam.com\/index.php\/wp-json\/wp\/v2\/product_brand?post=10745"},{"taxonomy":"product_cat","embeddable":true,"href":"https:\/\/komeklatam.com\/index.php\/wp-json\/wp\/v2\/product_cat?post=10745"},{"taxonomy":"product_tag","embeddable":true,"href":"https:\/\/komeklatam.com\/index.php\/wp-json\/wp\/v2\/product_tag?post=10745"}],"curies":[{"name":"wp","href":"https:\/\/api.w.org\/{rel}","templated":true}]}}