{"id":10917,"date":"2023-08-02T01:05:06","date_gmt":"2023-08-02T01:05:06","guid":{"rendered":"http:\/\/komeklatam.com\/?post_type=product&#038;p=10917"},"modified":"2023-08-02T01:05:07","modified_gmt":"2023-08-02T01:05:07","slug":"ascendendor-de-pecho-aluminio","status":"publish","type":"product","link":"https:\/\/komeklatam.com\/index.php\/producto\/ascendendor-de-pecho-aluminio\/","title":{"rendered":"Ascendendor de Pecho Aluminio"},"content":{"rendered":"<h2>Descripci\u00f3n<\/h2>\n<p>INSTRUCCIONES DE CUIDADO<\/p>\n<ul>\n<li>Este equipo de protecci\u00f3n personal (PPE) Ascendedo de cuerda cumple con la norma EN 567.<\/li>\n<li>Todos los ascendedores est\u00e1n dise\u00f1ados para fijar y sujetar la cuerda en las peores condiciones.<\/li>\n<li>La leva est\u00e1 dise\u00f1ada para proporcionar agarreincluso en barro y hielo incrustado en lascuerdas.<\/li>\n<li>Los dientes finos permiten un mejor agarre en las cuerdas heladas y fangosas.<\/li>\n<li>Este equipo debe ser utilizado solamente por una persona capacitada y competente o por un usuario bajo la supervisi\u00f3n directa de una persona capacitada y competente.<\/li>\n<li>Lea y aseg\u00farese de que sus condiciones m\u00e9dicas no afectan su seguridad durante el uso normal del equipo o en caso de emergencia.<\/li>\n<li>Es responsabilidad del usuario en todo momento asegurarse de que entiende el uso correcto y seguro de cualquier equipo suministrado por el fabricante, y que lo usa s\u00f3lo para el prop\u00f3sito para el cual est\u00e1 dise\u00f1ado y que practica todos los procedimientos de seguridad apropiados.<\/li>\n<li>El fabricante o proveedor no aceptar\u00e1 ninguna responsabilidad por da\u00f1os, lesiones o muerte por uso indebido.<\/li>\n<li>Usted debe tener un plan de rescate que se puede poner en acci\u00f3n para responder a todas las emergencias que podr\u00edan surgir durante el uso del equipo.<\/li>\n<li>El producto se utilizar\u00e1 \u00fanicamente con componentes certificados seg\u00fan las normas EN.<\/li>\n<\/ul>\n<p>&nbsp;<\/p>\n<p>COMPATIBILIDAD<\/p>\n<ul>\n<li>Verifique que el producto est\u00e9 libre de grietas, deformaciones, marcas, desgaste, corrosi\u00f3n antes de usarlo.<\/li>\n<li>Compruebe el estado del marco, los orificios de conexi\u00f3n, la leva y el seguro, los resortes y el eje de levas.<\/li>\n<li>No utilice un ascendedor de cuerda que tenga dientes perdidos o desgastados.<\/li>\n<li>Aseg\u00farese de que sus conectores son compatibles con el ascendedor de cuerda.<\/li>\n<li>Cualquier equipo usado con el ascendedor de cuerda debe cumplir con las normas y regulaciones aplicables.<\/li>\n<li>Este ascendedor es un dispositivo para la subir cuerda, se desliza a lo largo de la cuerda en una direcci\u00f3n y se atasca en la otra direcci\u00f3n.<\/li>\n<li>Los dientes de la leva inician una acci\u00f3n de sujeci\u00f3n que pinza la cuerda entre la leva y el bastidor.<\/li>\n<li>La ranura de la leva permite evacuar el lodo.<\/li>\n<\/ul>\n<p>&nbsp;<\/p>\n<p>INSTALACI\u00d3N DE LA CUERDA<\/p>\n<ul>\n<li>Tire del pestillo de seguridad hacia abajo y bloqu\u00e9elo en el marco del dispositivo, la leva entonces permanece en la posici\u00f3n abierta.<\/li>\n<li>Ponga la cuerda en este lugar y preste atenci\u00f3n al indicador de Arriba \/ Abajo.<\/li>\n<li>Empuje el pestillo de seguridad para que la leva presione contra la cuerda en esta posici\u00f3n, el pestillo de seguridad ayuda a evitar la apertura involuntaria de la leva.<\/li>\n<li>Cada vez que el dispositivo se instala en la cuerda, verifique que se atasque en la direcci\u00f3n deseada.<\/li>\n<\/ul>\n<p>&nbsp;<\/p>\n<p>ASCENDIENDO LA CUERDA<\/p>\n<ul>\n<li>El mango debe ser tirado correctamente: llevarlo hacia abajo y paralelo a la cuerda. No suba por encima del ascendedor o el punto de anclaje y mantenga su eslinga bajo tensi\u00f3n. Si no puede<br \/>\nevitar cargas oblicuas en la cuerda al pasar un punto de anclaje, asegure la cuerda con su conector de eslinga o coloque un conector en los orificios superiores de conexi\u00f3n<\/li>\n<\/ul>\n<p>&nbsp;<\/p>\n<p>ALMACENAMIENTO<\/p>\n<ul>\n<li>Mantenga el equipo de escalada alejado de fuentes calientes, humedad alta, bordes afilados y productos qu\u00edmicos y gu\u00e1rdelo en un lugar fresco y seco.<\/li>\n<\/ul>\n<p>LIMPIEZA Y LUBRICACI\u00d3N<\/p>\n<ul>\n<li>Lavar en agua tibia y secar naturalmente lejos del calor directo.<\/li>\n<li>Aplique una peque\u00f1a cantidad de lubricante en el mecanismo de la bisagra \/ puerta y limpie el exceso de lubricante.<\/li>\n<\/ul>\n<p>VIDA \u00daTIL<\/p>\n<ul>\n<li>Es dif\u00edcil definir la duraci\u00f3n de un conector. Depende de la intensidad y frecuencia de uso, en el entorno donde se utiliza el producto. Factores tales como desgaste general, contaminaci\u00f3n qu\u00edmica, corrosi\u00f3n, deformaci\u00f3n mec\u00e1nica, alta carga de impacto o falta de mantenimiento como se recomienda reducir\u00e1n la vida \u00fatil segura. En casos extremos, la vida \u00fatil del producto puede reducirse a un solo uso (por ejemplo, despu\u00e9s de detener una ca\u00edda, despu\u00e9s de haber ca\u00eddo desde una gran altura, despu\u00e9s de experimentar temperaturas extremas, etc.). La duraci\u00f3n m\u00e1xima recomendada por el fabricante es de 3 a\u00f1os.<\/li>\n<\/ul>\n<p>INSPECCI\u00d3N<\/p>\n<ul>\n<li>El usuario debe realizar una inspecci\u00f3n visual del equipo inmediatamente antes de usarlo para asegurarse de que est\u00e1 en condiciones de servicio y funciona correctamente.<\/li>\n<li>Si alguna parte del equipo presenta signos de desgaste, defectos, corrosi\u00f3n o contaminaci\u00f3n por productos qu\u00edmicos, o si hay alguna duda sobre la seguridad del equipo, debe ser retirado de servicio inmediatamente.<\/li>\n<li>Especialmente preste atenci\u00f3n a las grietas, astillas en el dispositivo que pueda da\u00f1ar la cuerda.<\/li>\n<li>Cada vez que el dispositivo se instala en la cuerda, verifique que se atasque en la direcci\u00f3n deseada.<\/li>\n<li>El mango debe ser tirado correctamente y llevarlo hacia abajo y paralelo a la cuerda.<\/li>\n<li>Retire el equipo si muestra alg\u00fan signo de resistencia reducida o deterioro de la funci\u00f3n.<\/li>\n<\/ul>\n<p>MARCACI\u00d3N<\/p>\n<ul>\n<li>El usuario debe realizar una inspecci\u00f3n visual del equipo inmediatamente antes de usarlo para asegurarse de que est\u00e1 en condiciones de servicio y funciona correctamente.<\/li>\n<li>Si alguna parte del equipo presenta signos de desgaste, defectos, corrosi\u00f3n o contaminaci\u00f3n por productos qu\u00edmicos, o si hay alguna duda sobre la seguridad del equipo, debe ser retirado de servicio inmediatamente.<\/li>\n<li>Especialmente preste atenci\u00f3n a las grietas, astillas en el dispositivo que pueda da\u00f1ar la cuerda.<\/li>\n<li>Cada vez que el dispositivo se instala en la cuerda, verifique que se atasque en la direcci\u00f3n deseada.<\/li>\n<li>El mango debe ser tirado correctamente y llevarlo hacia abajo y paralelo a la cuerda.<\/li>\n<li>Retire el equipo si muestra alg\u00fan signo de resistencia reducida o deterioro de la funci\u00f3n.<\/li>\n<\/ul>\n<p>&nbsp;<\/p>\n<p>EST\u00c1NDARES Y REGULACIONES<\/p>\n<ul>\n<li>El Ascendedor en Aluminio de Pecho est\u00e1 dise\u00f1ado bajo los est\u00e1ndares de las normas EN 567 Europea CEE\/89\/686<\/li>\n<\/ul>\n<p>&nbsp;<\/p>\n<p>COMPOSICI\u00d3N<\/p>\n<p>Aluminio<\/p>\n","protected":false},"excerpt":{"rendered":"<p>Freno de ascenso pectoral para cuerdas entre 8 y 13 mm<\/p>\n","protected":false},"featured_media":10918,"comment_status":"open","ping_status":"closed","template":"","meta":{"_joinchat":[]},"product_brand":[],"product_cat":[95,28],"product_tag":[],"class_list":{"0":"post-10917","1":"product","2":"type-product","3":"status-publish","4":"has-post-thumbnail","6":"product_cat-proteccion-caida","7":"product_cat-seguridadindustrial","9":"first","10":"instock","11":"shipping-taxable","12":"product-type-simple"},"ams_default_variation_id":0,"ams_product_points_reward":[],"ams_product_discount_percentage":0,"ams_price_to_display":0,"ams_acf":[],"jetpack_sharing_enabled":true,"_links":{"self":[{"href":"https:\/\/komeklatam.com\/index.php\/wp-json\/wp\/v2\/product\/10917","targetHints":{"allow":["GET"]}}],"collection":[{"href":"https:\/\/komeklatam.com\/index.php\/wp-json\/wp\/v2\/product"}],"about":[{"href":"https:\/\/komeklatam.com\/index.php\/wp-json\/wp\/v2\/types\/product"}],"replies":[{"embeddable":true,"href":"https:\/\/komeklatam.com\/index.php\/wp-json\/wp\/v2\/comments?post=10917"}],"wp:featuredmedia":[{"embeddable":true,"href":"https:\/\/komeklatam.com\/index.php\/wp-json\/wp\/v2\/media\/10918"}],"wp:attachment":[{"href":"https:\/\/komeklatam.com\/index.php\/wp-json\/wp\/v2\/media?parent=10917"}],"wp:term":[{"taxonomy":"product_brand","embeddable":true,"href":"https:\/\/komeklatam.com\/index.php\/wp-json\/wp\/v2\/product_brand?post=10917"},{"taxonomy":"product_cat","embeddable":true,"href":"https:\/\/komeklatam.com\/index.php\/wp-json\/wp\/v2\/product_cat?post=10917"},{"taxonomy":"product_tag","embeddable":true,"href":"https:\/\/komeklatam.com\/index.php\/wp-json\/wp\/v2\/product_tag?post=10917"}],"curies":[{"name":"wp","href":"https:\/\/api.w.org\/{rel}","templated":true}]}}