{"id":11318,"date":"2024-04-26T08:41:18","date_gmt":"2024-04-26T08:41:18","guid":{"rendered":"https:\/\/komeklatam.com\/?post_type=product&#038;p=11318"},"modified":"2024-05-01T18:27:45","modified_gmt":"2024-05-01T18:27:45","slug":"maquina-de-limpieza-por-ultrasonido","status":"publish","type":"product","link":"https:\/\/komeklatam.com\/index.php\/producto\/maquina-de-limpieza-por-ultrasonido\/","title":{"rendered":"Limpieza por ultrasonido"},"content":{"rendered":"<p><strong>Qu\u00e9 hace una maquina de ultrasonido?<\/strong><\/p>\n<p>Este dispositivo utiliza ondas sonoras para limpiar objetos. En el fluido ultras\u00f3nico, la intensidad del sonido aumenta, creando una presi\u00f3n negativa. Esta presi\u00f3n negativa rompe el l\u00edquido, creando decenas de miles de peque\u00f1as burbujas de vapor de agua. Cuando estas burbujas de vapor de agua son atrapadas por una onda sonora, comienzan a vibrar. Debido a las vibraciones, las burbujas de vapor de agua crecen hasta volverse inestables e implosionar. Estas implosiones provocan peque\u00f1as pero fuertes corrientes en el l\u00edquido ultras\u00f3nico. Dado que no se producen unas pocas, sino decenas de miles de implosiones simult\u00e1neamente, se crea una potente reacci\u00f3n, que llamamos limpieza por ultrasonidos.<\/p>\n<p>&nbsp;<\/p>\n<p><strong><img loading=\"lazy\" decoding=\"async\" class=\"alignnone size-medium wp-image-11331\" src=\"http:\/\/komeklatam.com\/wp-content\/uploads\/2024\/04\/cuadro-1-256x300.png\" alt=\"\" width=\"256\" height=\"300\" srcset=\"https:\/\/komeklatam.com\/wp-content\/uploads\/2024\/04\/cuadro-1-256x300.png 256w, https:\/\/komeklatam.com\/wp-content\/uploads\/2024\/04\/cuadro-1-150x176.png 150w, https:\/\/komeklatam.com\/wp-content\/uploads\/2024\/04\/cuadro-1.png 358w\" sizes=\"auto, (max-width: 256px) 100vw, 256px\" \/><\/strong><\/p>\n<p>&nbsp;<\/p>\n<p><strong>Las ventajas de la limpieza por ultrasonidos<\/strong><br \/>\n<strong>Resultado de la limpieza a fondo<\/strong><br \/>\nEn primer lugar, la limpieza por ultrasonidos ofrece simplemente el resultado m\u00e1s completo.<br \/>\nLimpia los platos en lo m\u00e1s profundo de sus poros, eliminando eficazmente los olores, la cal y la grasa, dejando impecables incluso las superficies dif\u00edciles y los lugares de dif\u00edcil acceso. Nunca se conseguir\u00e1 el mismo resultado a mano, porque es imposible aplicar la misma intensidad sin da\u00f1ar platos, sartenes, etc.<\/p>\n<p><strong>No hay ara\u00f1azos ni da\u00f1os<\/strong><br \/>\nlos objetos no se ven afectados ni da\u00f1ados durante la limpieza por ultrasonidos. Al fin y al cabo, la limpieza por ultrasonidos no tiene ning\u00fan efecto abrasivo. Incluso las piezas m\u00e1s delicadas y de formas complejas pueden limpiarse en un limpiador ultras\u00f3nico.<br \/>\nAhorrar tiempo y esfuerzo Es muy agradable que con un limpiador ultras\u00f3nico no tenga que hacer ning\u00fan esfuerzo ya que<br \/>\nes muy f\u00e1cil operar. Cuando la m\u00e1quina est\u00e1 encendida, puedes ir a hacer otra cosa, lo que<br \/>\ntambi\u00e9n ahorra tiempo.<\/p>\n<p><strong>Facil y seguro <\/strong><\/p>\n<p>Es ideal para frutas y verduras ya que no solamente limpia sustancias extra\u00f1as si no que tambi\u00e9n elimina a fondo los<br \/>\npesticidas, bacterias y olores residuales lo que hace que las tareas dificiles sean mas faciles .<\/p>\n<p>En carnes y mariscos eliminan sustancias y bacterias extra\u00f1as e impurezas, as\u00ed como los olores, y tambi\u00e9n ayuda a descongelar.<\/p>\n<p>&nbsp;<\/p>\n<p><strong>Las razones para el ahorro efectivo de tiempo y costes de lavavajillas ultras\u00f3nico<\/strong><\/p>\n<p><strong>M\u00e9todo de Limpieza<\/strong><br \/>\nMaquina con ultrasonido; Una breve inmersi\u00f3n de 30 segundos a 2 minutos es suficiente para la limpieza y esterilizaci\u00f3n autom\u00e1ticas.<br \/>\nLavavajillas comercial: Implica el lavado manual y el enguaje por parte del personal,<\/p>\n<p><strong>Las razones para el ahorro efectivo de tiempo y costes de lavavajillas ultras\u00f3nico<\/strong><br \/>\n<strong>Costos de mano de obra<\/strong><br \/>\nMaquina con ultrasonido: un trabajador sin necesidad de capacitaci\u00f3n Lavavajillas comercial: Se requiere mano de obra de 1 a 3 trabajadores capacitados.<\/p>\n<p><strong>Costos de mantenimiento<\/strong><br \/>\nMaquina con ultrasonido: tiene un bajo consumo de energ\u00eda, por lo tanto hay menos costos en agua y electricidad. Lavavajillas comercial: Aumento de los gastos en electricidad, agua, gas,<\/p>\n<p><img loading=\"lazy\" decoding=\"async\" class=\"alignnone size-medium wp-image-11333\" src=\"http:\/\/komeklatam.com\/wp-content\/uploads\/2024\/04\/cuadro2-315x300.png\" alt=\"\" width=\"315\" height=\"300\" srcset=\"https:\/\/komeklatam.com\/wp-content\/uploads\/2024\/04\/cuadro2-315x300.png 315w, https:\/\/komeklatam.com\/wp-content\/uploads\/2024\/04\/cuadro2-430x410.png 430w, https:\/\/komeklatam.com\/wp-content\/uploads\/2024\/04\/cuadro2-150x143.png 150w, https:\/\/komeklatam.com\/wp-content\/uploads\/2024\/04\/cuadro2.png 453w\" sizes=\"auto, (max-width: 315px) 100vw, 315px\" \/><\/p>\n<p>Pueden ser utilizadas en Cocinas de hoteles, Restaurantes, Comedores escolares, Cocinas de hospitales , etc<\/p>\n","protected":false},"excerpt":{"rendered":"<p>Qu\u00e9 hace una maquina de ultrasonido? Este dispositivo utiliza ondas sonoras para limpiar objetos. En el fluido ultras\u00f3nico, la intensidad<\/p>\n","protected":false},"featured_media":11319,"comment_status":"open","ping_status":"closed","template":"","meta":{"_joinchat":[]},"product_brand":[],"product_cat":[112],"product_tag":[],"class_list":{"0":"post-11318","1":"product","2":"type-product","3":"status-publish","4":"has-post-thumbnail","6":"product_cat-maquinas-de-limpieza","8":"first","9":"instock","10":"shipping-taxable","11":"product-type-simple"},"ams_default_variation_id":0,"ams_product_points_reward":[],"ams_product_discount_percentage":0,"ams_price_to_display":0,"ams_acf":[],"jetpack_sharing_enabled":true,"_links":{"self":[{"href":"https:\/\/komeklatam.com\/index.php\/wp-json\/wp\/v2\/product\/11318","targetHints":{"allow":["GET"]}}],"collection":[{"href":"https:\/\/komeklatam.com\/index.php\/wp-json\/wp\/v2\/product"}],"about":[{"href":"https:\/\/komeklatam.com\/index.php\/wp-json\/wp\/v2\/types\/product"}],"replies":[{"embeddable":true,"href":"https:\/\/komeklatam.com\/index.php\/wp-json\/wp\/v2\/comments?post=11318"}],"wp:featuredmedia":[{"embeddable":true,"href":"https:\/\/komeklatam.com\/index.php\/wp-json\/wp\/v2\/media\/11319"}],"wp:attachment":[{"href":"https:\/\/komeklatam.com\/index.php\/wp-json\/wp\/v2\/media?parent=11318"}],"wp:term":[{"taxonomy":"product_brand","embeddable":true,"href":"https:\/\/komeklatam.com\/index.php\/wp-json\/wp\/v2\/product_brand?post=11318"},{"taxonomy":"product_cat","embeddable":true,"href":"https:\/\/komeklatam.com\/index.php\/wp-json\/wp\/v2\/product_cat?post=11318"},{"taxonomy":"product_tag","embeddable":true,"href":"https:\/\/komeklatam.com\/index.php\/wp-json\/wp\/v2\/product_tag?post=11318"}],"curies":[{"name":"wp","href":"https:\/\/api.w.org\/{rel}","templated":true}]}}